{"id":777,"date":"2024-08-30T15:19:05","date_gmt":"2024-08-30T15:19:05","guid":{"rendered":"https:\/\/www.shobogenzo.net\/?page_id=777"},"modified":"2024-08-30T15:59:15","modified_gmt":"2024-08-30T15:59:15","slug":"eihei-shingi","status":"publish","type":"page","link":"https:\/\/www.shobogenzo.net\/index.php\/eihei-shingi\/","title":{"rendered":"Eihei Shingi"},"content":{"rendered":"\n<p class=\"has-small-font-size\">These are draft translations of the <em>Eihei Shingi <\/em>that were dictated in English by Gudo Nishijima Roshi to his students Mike Cross, Mike Luetchford, and Jeremy Pearson, between 1988 and 1990, generally either at his office in Ichigaya or at the Hideo Ida Zazen Dojo in Moto-Yawata. Nishijima Roshi would simply look at the original Chinese or Japanese source text, and directly read aloud his English translation, sometimes adding comments or explanations and answering questions. He would often use interpretations of idiomatic expressions rather than translating them literally. Although they may be rather \u201crough and ready\u201d translations, they give us a flavor of Nishijima Roshi\u2019s direct and down to earth interpretations of the Buddhist teachings of Zen Master D\u014dgen.<\/p>\n\n\n\n<p class=\"has-small-font-size\">\u6c38\u5e73\u5143\u7985\u5e2b\u6e05\u898f<br><strong><em>Eihei Gen Zenji Shingi<\/em>: Eihei Dogen\u2019s Sacred Rules (for the Temple Community)<\/strong><\/p>\n\n\n\n<p class=\"has-small-font-size\">The six texts that make up the <em>Eihei Gen Zenji Shingi<\/em>, commonly called the <em>Eihei Shingi <\/em>(\u6c38\u5e73\u6e05\u898f), were written by Zen Master D\u014dgen between 1237 and 1249. The texts describe the procedures, rules, and attitudes that he wanted to instill in the monks that lived in the Zen temples that he founded, but also convey the essential points of Buddhist practice that he valued. They cover various aspects of monastic life and were closely based on the rules that he encountered in his time in China between 1223 and 1227, in particular, those described in the <em>Zen-En Shingi<\/em> (\u7985\u82d1\u6e05\u898f, <em>Pure Rules for the Zen Garden,<\/em> by Ch\u014dryo S\u014dsaku, 1103). Master D\u014dgen constantly quotes, sometimes at length, from this text. As well as the concrete matters that make up Buddhist life in a temple, the texts are full of examples of monks and their Masters pursuing the Truth through their roles in the Buddhist community.<\/p>\n\n\n\n<p class=\"has-small-font-size\">The <em>Eihei Shingi<\/em> comprises the following texts:<\/p>\n\n\n\n<p class=\"has-small-font-size\"><a href=\"https:\/\/drive.google.com\/file\/d\/1X9b61H-kLF3WHi9gSUNfbYCoSghvRi0z\/view?usp=drive_link\" target=\"_blank\" rel=\"noreferrer noopener\">TENZOKY\u014cKUN (\u5178 \u5ea7 \u6559 \u8a13; Spring 1237, Koshoji)<\/a><br><em>Teachings for the Chief Priest of Cooking<\/em><\/p>\n\n\n\n<p class=\"has-small-font-size\"><a href=\"https:\/\/drive.google.com\/file\/d\/1FTXNARTID07xwCukER-2Xe7b0kpz3ZHo\/view?usp=drive_link\" target=\"_blank\" rel=\"noreferrer noopener\">BEND\u014cH\u014c (\u5f01 \u9053 \u6cd5; 1245, Daibutsuji, later renamed Eiheiji<\/a><a href=\"https:\/\/drive.google.com\/file\/d\/1FTXNARTID07xwCukER-2Xe7b0kpz3ZHo\/view?usp=drive_link\">)<\/a><br><em>The Method to Pursue the Truth<\/em><\/p>\n\n\n\n<p class=\"has-small-font-size\"><a href=\"https:\/\/drive.google.com\/file\/d\/1xSpqwaMiH4QFS1CiWM-CDnzh6dCLagdJ\/view?usp=sharing\" target=\"_blank\" rel=\"noreferrer noopener\">FUSHUKUHANP\u014c (\u8d74 \u7ca5 \u98ef \u6cd5; 1246, Eiheiji)<\/a><br><em>Method to Take Breakfast and Lunch<\/em><\/p>\n\n\n\n<p class=\"has-small-font-size\"><a href=\"https:\/\/drive.google.com\/file\/d\/1pFLVzHragV7muNA_Jc-T5YAviY2XS6A3\/view?usp=drive_link\" target=\"_blank\" rel=\"noreferrer noopener\">SHURY\u014c SHINGI (\u8846 \u5bee \u7bb4 \u898f; 1249, Eiheiji)<\/a><br><em>Rules for the Priests&#8217; Dormitory<\/em><\/p>\n\n\n\n<p class=\"has-small-font-size\"><a href=\"https:\/\/drive.google.com\/file\/d\/1NHvo8qnZpow0fRYrGKEDh4fjLmL-RuGD\/view?usp=drive_link\" target=\"_blank\" rel=\"noreferrer noopener\">TAITAIKO GOGEJARIH\u014c (\u5c0d \u5927 \u5df1 \u4e94 \u590f \u95cd \u68a8 \u6cd5; 1244, Kippoji)<\/a><br><em>Method of Meeting with Veteran Priests of Five Summer Retreats<\/em><\/p>\n\n\n\n<p class=\"has-small-font-size\"><a href=\"https:\/\/drive.google.com\/file\/d\/1-mhqnbv5XvgKB_7cFHBcQWyWI8yfGfal\/view?usp=drive_link\" target=\"_blank\" rel=\"noreferrer noopener\">CHIJI SHINGI (\u77e5 \u4e8b \u6e05 \u898f; 1246, Eiheiji<\/a><a href=\"https:\/\/drive.google.com\/file\/d\/1-mhqnbv5XvgKB_7cFHBcQWyWI8yfGfal\/view?usp=drive_link\">)<\/a><br><em>Sacred Rules for the Temple Officers<\/em><\/p>\n\n\n\n<p class=\"has-small-font-size\">For complete English translations of the <em>Eihei Shingi<\/em> with extensive introductory materials, notes, and references see:<\/p>\n\n\n\n<p class=\"has-small-font-size\">Taigen Dan Leighton &amp; Shohaku Okumura. <em>D\u014dgen\u2019s Pure Standards for the Zen Community.<\/em> Albany: State University of New York Press, 1996.<\/p>\n\n\n\n<p class=\"has-small-font-size\">Ichimura Shohei. <em>Zen Master D\u014dgen\u2019s Monastic Regulations. <\/em>Daihonzan Eiheiji, Fukui-ken, Japan, and North American Institute of Zen and Buddhist Studies, Washington, USA, 1993.<\/p>\n","protected":false},"excerpt":{"rendered":"<p>These are draft translations of the Eihei Shingi that were dictated in English by Gudo Nishijima Roshi to his students Mike Cross, Mike Luetchford, and Jeremy Pearson, between 1988 and 1990, generally either at his office in Ichigaya or at the Hideo Ida Zazen Dojo in Moto-Yawata. Nishijima Roshi would simply look at the original &hellip; <\/p>\n<p class=\"link-more\"><a href=\"https:\/\/www.shobogenzo.net\/index.php\/eihei-shingi\/\" class=\"more-link\">Continue reading<span class=\"screen-reader-text\"> &#8220;Eihei Shingi&#8221;<\/span><\/a><\/p>\n","protected":false},"author":2,"featured_media":0,"parent":0,"menu_order":0,"comment_status":"closed","ping_status":"closed","template":"","meta":{"footnotes":""},"class_list":["post-777","page","type-page","status-publish","hentry"],"_links":{"self":[{"href":"https:\/\/www.shobogenzo.net\/index.php\/wp-json\/wp\/v2\/pages\/777","targetHints":{"allow":["GET"]}}],"collection":[{"href":"https:\/\/www.shobogenzo.net\/index.php\/wp-json\/wp\/v2\/pages"}],"about":[{"href":"https:\/\/www.shobogenzo.net\/index.php\/wp-json\/wp\/v2\/types\/page"}],"author":[{"embeddable":true,"href":"https:\/\/www.shobogenzo.net\/index.php\/wp-json\/wp\/v2\/users\/2"}],"replies":[{"embeddable":true,"href":"https:\/\/www.shobogenzo.net\/index.php\/wp-json\/wp\/v2\/comments?post=777"}],"version-history":[{"count":3,"href":"https:\/\/www.shobogenzo.net\/index.php\/wp-json\/wp\/v2\/pages\/777\/revisions"}],"predecessor-version":[{"id":796,"href":"https:\/\/www.shobogenzo.net\/index.php\/wp-json\/wp\/v2\/pages\/777\/revisions\/796"}],"wp:attachment":[{"href":"https:\/\/www.shobogenzo.net\/index.php\/wp-json\/wp\/v2\/media?parent=777"}],"curies":[{"name":"wp","href":"https:\/\/api.w.org\/{rel}","templated":true}]}}